 of 54324617.
31, 1752407
What are the prime factors of 4495669572?
2, 3, 19, 19717849
List the prime factors of 1587992068.
2, 13, 73, 487, 859
List the prime factors of 4073207131.
7, 59, 9862487
What are the prime factors of 21785138?
2, 10892569
List the prime factors of 15989219.
15989219
List the prime factors of 2338392015.
3, 5, 51964267
List the prime factors of 41274862.
2, 101, 204331
What are the prime factors of 913950576?
2, 3, 7, 11, 139, 593
List the prime factors of 2675295320.
2, 5, 107, 223, 2803
List the prime factors of 3065600450.
2, 5, 11, 1567, 3557
List the prime factors of 2487045000.
2, 3, 5, 11, 15073
List the prime factors of 122376180.
2, 3, 5, 2039603
What are the prime factors of 64473172?
2, 1831, 8803
List the prime factors of 217695115.
5, 11, 17, 23, 53, 191
What are the prime factors of 74818048?
2, 19, 7691
What are the prime factors of 1077959791?
23, 4639, 10103
What are the prime factors of 365550693?
3, 121850231
List the prime factors of 170091036.
2, 3, 1574917
List the prime factors of 441030710.
2, 5, 587, 75133
List the prime factors of 36189408.
2, 3, 479, 787
List the prime factors of 601703887.
73, 8242519
List the prime factors of 164818548.
2, 3, 71, 64483
List the prime factors of 186409186.
2, 1657, 56249
List the prime factors of 6645328705.
5, 23, 57785467
List the prime factors of 264527730.
2, 3, 5, 97, 157, 193
What are the prime factors of 718078860?
2, 3, 5, 23, 29, 5981
List the prime factors of 704653911.
3, 13, 317, 2111
What are the prime factors of 211217307?
3, 7, 10057967
List the prime factors of 5912209090.
2, 5, 281, 2103989
What are the prime factors of 20353516?
2, 5088379
What are the prime factors of 131658513?
3, 7, 653, 9601
What are the prime factors of 33579981?
3, 17, 149, 491
What are the prime factors of 792919870?
2, 5, 113, 701699
What are the prime factors of 2935460127?
3, 29, 33740921
List the prime factors of 67805943.
3, 67, 337343
What are the prime factors of 268853162?
2, 134426581
What are the prime factors of 89903700?
2, 3, 5, 191, 523
List the prime factors of 64255610.
2, 5, 41, 53, 2957
What are the prime factors of 63682257?
3, 21227419
What are the prime factors of 273127398?
2, 3, 1601, 28433
What are the prime factors of 33338269?
61, 521, 1049
What are the prime factors of 4126922?
2, 2063461
List the prime factors of 1137351202.
2, 13, 43744277
List the prime factors of 32092105.
5, 331, 19391
What are the prime factors of 42877094?
2, 13, 17, 97007
List the prime factors of 3782772783.
3, 661, 635867
What are the prime factors of 668026712?
2, 37, 2256847
List the prime factors of 11855264.
2, 370477
List the prime factors of 575309121.
3, 17, 663563
List the prime factors of 382047526.
2, 7, 23, 479, 2477
List the prime factors of 1460538584.
2, 3499, 52177
What are the prime factors of 63084429?
3, 1993, 3517
What are the prime factors of 56786863?
7, 1283, 6323
List the prime factors of 1016916737.
1931, 526627
What are the prime factors of 297216840?
2, 3, 5, 31, 109, 733
What are the prime factors of 32693239?
32693239
List the prime factors of 57774172.
2, 89, 162287
What are the prime factors of 23747889?
3, 11, 719633
List the prime factors of 1737996350.
2, 5, 199, 174673
List the prime factors of 1040133112.
2, 19, 6842981
List the prime factors of 2519258709.
3, 11, 179, 426487
List the prime factors of 2232552.
2, 3, 7, 97, 137
What are the prime factors of 2909975664?
2, 3, 2789, 21737
List the prime factors of 221689486.
2, 17, 6520279
List the prime factors of 174620435.
5, 11, 41, 211, 367
What are the prime factors of 233344?
2, 1823
What are the prime factors of 5457468?
2, 3, 313, 1453
List the prime factors of 1195283063.
13, 353, 260467
List the prime factors of 315302419.
37, 8521687
What are the prime factors of 804894199?
31, 53, 15803
List the prime factors of 17120207.
13, 17, 59, 101
List the prime factors of 4465249138.
2, 7, 17, 937, 20023
What are the prime factors of 4435384812?
2, 3, 43, 1301, 6607
List the prime factors of 716790227.
17, 71, 181, 193
What are the prime factors of 96738357?
3, 239, 134921
List the prime factors of 80896340.
2, 5, 7, 577831
List the prime factors of 623312599.
7, 13, 17, 137, 173
What are the prime factors of 1203938696?
2, 1021, 147397
What are the prime factors of 61412509?
233, 263573
What are the prime factors of 36977326?
2, 41, 450943
What are the prime factors of 698470012?
2, 12253, 14251
List the prime factors of 164983751.
9967, 16553
What are the prime factors of 61901317?
83, 467, 1597
List the prime factors of 36571280.
2, 5, 67, 6823
List the prime factors of 58232548.
2, 11, 17, 127, 613
List the prime factors of 47295283.
7, 6756469
What are the prime factors of 48266069?
397, 121577
What are the prime factors of 44068665?
3, 5, 37, 271, 293
What are the prime factors of 178272262?
2, 7, 12733733
List the prime factors of 2064179736.
2, 3, 317, 90439
What are the prime factors of 36943960?
2, 5, 923599
List the prime factors of 20244421.
491, 41231
What are the prime factors of 298364867?
1249, 238883
List the prime factors of 758457797.
758457797
What are the prime factors of 14131242?
2, 3, 89, 8821
What are the prime factors of 1893958446?
2, 3, 293, 1077337
List the prime factors of 137161998.
2, 3, 67, 12637
What are the prime factors of 3715096690?
2, 5, 371509669
What are the prime factors of 1255845102?
2, 3, 209307517
List the prime factors of 33894637.
7, 4842091
List the prime factors of 3859715038.
2, 29, 66546811
List the prime factors of 217167662.
2, 3761, 28871
What are the prime factors of 66228629?
67, 101, 9787
List the prime factors of 412549023.
3, 31, 4436011
List the prime factors of 197795100.
2, 3, 5, 659317
List the prime factors of 49211046.
2, 3, 2733947
List the prime factors of 51592638.
2, 3, 19, 53, 8539
What are the prime factors of 16236697?
19, 41, 1097
What are the prime factors of 65166577?
7, 9309511
What are the prime factors of 6348829?
6348829
What are the prime factors of 212967340?
2, 5, 47, 71, 3191
What are the prime factors of 273237319?
59, 4631141
List the prime factors of 448979708.
2, 337, 333071
What are the prime factors of 80979217?
11, 499, 14753
List the prime factors of 12902467.
1117, 11551
What are the prime factors of 2848441278?
2, 3, 19, 97, 257591
List the prime factors of 72971925.
3, 5, 13, 74843
What are the prime factors of 146377142?
2, 73188571
What are the prime factors of 283513895?
5, 7, 269, 30113
List the prime factors of 39394647.
3, 1459061
What are the prime factors of 523164754?
2, 7, 317, 117883
List the prime factors of 1625416086.
2, 3, 7, 3011, 12853
List the prime factors of 726182487.
3, 80686943
What are the prime factors of 123715506?
2, 3, 101, 204151
What are the prime factors of 1857756223?
1019, 1823117
What are the prime factors of 46443064?
2, 5805383
List the prime factors of 1001161.
7, 89, 1607
What are the prime factors of 1205771931?
3, 7, 13, 1472249
List the prime factors of 170629129.
11, 47, 330037
List the prime factors of 58742858.
2, 1439, 20411
List the prime factors of 71374566.
2, 3, 23, 517207
What are the prime factors of 1013179586?
2, 15031, 33703
What are the prime factors of 56286841?
13, 4329757
What are the prime factors of 150942174?
2, 3, 103, 244243
List the prime factors of 3380854333.
3380854333
List the prime factors of 5791430814.
2, 3, 13, 5273, 14081
List the prime factors of 53498925.
3, 5, 47, 5059
What are the prime factors of 3181068489?
3, 1060356163
What are the prime factors of 3423183679?
23, 103, 193, 7487
What are the prime factors of 191136007?
743, 257249
List the prime factors of 26900711.
1117, 24083
What are the prime factors of 1104538295?
5, 7, 179, 176303
What are the prime factors of 38751361?
11, 1123, 3137
What are the prime factors of 3362900?
2, 5, 33629
List the prime factors of 1408940749.
15497, 90917
List the prime factors of 84148132.
2, 2311, 9103
List the prime factors of 2805886281.
3, 11, 85026857
What are the prime factors of 2481916677?
3, 127, 1801, 3617
What are the prime factors of 1285739?
7, 13, 71, 199
What are the prime factors of 325434734?
2, 53, 3070139
What are the prime factors of 433343779